 + 7/(-28) is divided by i.
2
Suppose 0 = -2*l + 6 - 0. Suppose -5*c - 35 = -2*v, -5*c - 52 = -l*v - 2. What is the remainder when (-2 + 24/(-9))*-6 is divided by v?
13
Let y(w) = -w**3 + 9*w**2. Let i be y(9). Suppose -4*h + 2*d + 43 = -45, -5*d = i. What is the remainder when 43 is divided by h?
21
Let f(m) = -m**3 + 6*m**2 + 15*m + 6. Let o be f(8). Calculate the remainder when 58 is divided by (5/o - -2) + (-31)/(-2).
13
Let v = -36 + 39. Suppose v*j - 219 = -3*y, -y - 375 = -4*j - 103. What is the remainder when j is divided by 6?
3
Let z = -1041 + 1063. Suppose 4 = -3*n + 1. What is the remainder when n/4 + (-698)/(-8) is divided by z?
21
Let b be 533/13 + (-3)/(-1). Let r be (b/110)/((-1)/(-10)). Suppose -5*l = -r*l - 20. Calculate the remainder when 98 is divided by l.
18
Let h = 166 - 61. Suppose -3*l - 2*n - 9 = -5*n, l = -3*n + 9. Suppose l = -3*b - 6, 3*q - 5*b - 18 = 73. Calculate the remainder when h is divided by q.
24
Let a be 70/6 + (-7)/(-21). Suppose -6 = o - a. Suppose -o*f + 3*f + 66 = 0. Calculate the remainder when 63 is divided by f.
19
Suppose 0 = 2*q - 2, m - q - 4 = -0*m. Suppose -g = -k + 5*k, 0 = m*g + 20. What is the remainder when 34 is divided by 1 - k*-4*2?
7
Let k be 1/(0 + 1)*-1 - -4. Suppose n - 190 = -5*m, 4*n - 51 - 46 = -k*m. What is the remainder when 192 is divided by m?
36
Calculate the remainder when (-224)/(-20)*-5*(-8)/4 is divided by 13.
8
Suppose 3*k + 3*b + 90 = 0, -4*k = -4*b + 55 + 105. What is the remainder when (-605)/k + (-2)/7 is divided by 10?
7
What is the remainder when (-10 + 6)*(-94)/8 is divided by (-2 - -34)*(-2)/(-4)?
15
What is the remainder when 553/2 - (-80)/(-32) is divided by 11?
10
Suppose 3*n + 3*s - 78 = 6*s, -2*n = s - 40. Calculate the remainder when 64 is divided by n.
20
Let h(r) = r**3 + 19*r**2 + 18*r + 11. Let m(b) = b**3 + 8*b**2 - 8*b - 9. Let x be m(-9). Calculate the remainder when 29 is divided by h(x).
7
Let c(d) = -8*d - 5. Let u be 2/(8/(-12)) + -1. What is the remainder when c(u) is divided by 20/6*(-18)/(-4)?
12
Let u = -360 + 369. What is the remainder when (-11)/(1 - 4/3) is divided by u?
6
Let j(l) = 3 + l + 7 - l**2 - 5*l + 7 - 2*l**3 - 21. Let g = -3 + 0. Calculate the remainder when j(g) is divided by 28.
25
Let u(n) = -n**2 + 16*n + 40. Let b be u(11). Let x = -77 + b. Calculate the remainder when 31 is divided by x.
13
Suppose 9 = 2*u + 1. Suppose f + u*f - 35 = 0. What is the remainder when 2478/98 + (-2)/f is divided by 9?
7
Let f(p) = p**3 + 6*p**2 - 8*p - 8. Let a be f(-7). What is the remainder when (0 + -1)/a + 0 is divided by (112/224)/((-2)/(-4))?
0
Let n = -39 + 61. Let l = 2 - n. Let i = -1 - l. What is the remainder when 36 is divided by i?
17
Let c(j) = j**3 - 34*j**2 + 232*j + 52. Let s = 83 - 25. Calculate the remainder when c(25) is divided by s.
53
Let i = 1186 - 1174. What is the remainder when 2/(-1)*31/(-2) is divided by i?
7
What is the remainder when 39 is divided by -21*4/(-12)*2?
11
Suppose -j = -4*x + j + 184, 3*x = 4*j + 143. Suppose -5*v + x = -40. What is the remainder when ((-16)/6)/((-2)/36) is divided by v?
14
Let l = -15 + 18. Suppose 0 = -4*d - l*g + 75, g - 54 = -2*d - 15. Let q = d + -10. What is the remainder when 21 is divided by q?
10
Let t(j) = j**3 + 4*j**2 - 6*j - 5. Let w be t(-5). Suppose 0*u - 3*u - 45 = w. What is the remainder when 9 is divided by (40/u)/(6/(-9))?
1
Let g = -37 + 63. Suppose 3*x + 51 = 4*d - 0, -d - 3*x + 9 = 0. Calculate the remainder when g is divided by d.
2
What is the remainder when (-2981)/(-33) - (-12)/(-9) is divided by 36?
17
Let t(c) = -2*c + 26. Let w be t(11). Suppose -186 = -w*d + 2*s - 20, 0 = d - 2*s - 40. What is the remainder when d is divided by 12?
6
Let b(z) = -43*z + 1. Let q = -721 + 739. Calculate the remainder when b(-2) is divided by q.
15
Suppose 3*k - 1766 + 383 = 0. What is the remainder when k is divided by 29?
26
Let g(h) = 4*h**2 + 3*h. Let z(s) = -8*s + 22. Let b be z(5). Let a = b - -25. Calculate the remainder when g(-3) is divided by a.
6
Let m = 43 - -145. Calculate the remainder when m is divided by 32.
28
Let f = 81 - 110. Let n = 42 - f. Calculate the remainder when n is divided by 18.
17
Let p = -22 - -10. What is the remainder when 53 is divided by p/(-84) - (-376)/14?
26
Let t(i) = 2*i**3 - 41*i**2 + 59*i + 4. Suppose 0 = -6*c + 3*c + 90. Suppose -4*p = -14 - c. What is the remainder when t(19) is divided by p?
9
Suppose -q = 4*d - 6*q + 1, 0 = 4*q - 4. What is the remainder when d + (39 - (2 + 1)) is divided by 10?
7
Let o(a) = -a**3 - 4*a**2 - 3*a + 2. Let y be o(-3). Let d(l) = 3 + 0 - 19*l + 15*l - y. Calculate the remainder when d(-7) is divided by 8.
5
What is the remainder when 173 is divided by 10*(-5)/(-75) - (-103)/3?
33
Let c(a) = 36*a - 47. Calculate the remainder when c(3) is divided by 22.
17
Suppose 0*j = 2*j. Let b(v) = -9*v - 62. Let d(w) = 14*w + 93. Let c(f) = -8*b(f) - 5*d(f). Calculate the remainder when c(j) is divided by 16.
15
Suppose 0 = 4*q + x + 11 - 92, -5*q = -x - 90. Let w(m) = -8*m + 260. What is the remainder when w(21) is divided by q?
16
Suppose 5*p - 165 = -5*o, -2*o + 75 = 3*p + 2*p. Calculate the remainder when 209 is divided by o.
29
Let x be 0/(-3 + (-2)/(-1)). What is the remainder when 12 is divided by 0 + 32/(4 + x)?
4
Suppose 3*q - 8*o + 12*o = 9, -q = -4*o - 19. Calculate the remainder when 1861 is divided by q.
6
Suppose -106 = 860*b - 861*b. Calculate the remainder when 408 is divided by b.
90
Let b = 238 + -154. Let l be 2/(-10) + b/20. Suppose -4*k - 46 + 242 = l*f, 5*f = 2*k - 91. What is the remainder when k is divided by 17?
14
Let z be (24/9 - 2)*(-27)/(-6). Suppose -5*v - 2 = -4*v, -5*b + z*v + 41 = 0. Calculate the remainder when 21 is divided by b.
0
Let b(o) = -77*o - 673. Suppose -3*l + 10 = -8. What is the remainder when b(-9) is divided by l?
2
Suppose 0 = 5*c - 4*m - 9, -m - 28 = -5*c - 7. Let w be (-2)/(-5)*c - -8. Let v = 11 - w. What is the remainder when 1 is divided by v?
0
Let a(t) = -t + 13. Let y be a(10). Let r = y + 6. What is the remainder when 832/(-48)*(-3)/2 is divided by r?
8
Calculate the remainder when ((-15)/(-4))/(2/8) is divided by 7.
1
Let f = -2191 + 2195. What is the remainder when 108 is divided by f?
0
Let c(h) = -h**3 + 24*h**2 - 131*h - 12. Calculate the remainder when 451 is divided by c(14).
109
Let h be ((-154)/33)/(4/(-6)). Let u = h - 0. What is the remainder when 20 is divided by u?
6
Let x = 47370 + -47287. Suppose -3*j - j - 144 = -5*t, j = -t + 27. Let n = 45 - t. Calculate the remainder when x is divided by n.
15
Let g(k) = -32*k**2 + 5*k - 6. Let p be g(1). Let t = -16 - p. Calculate the remainder when 116 is divided by t.
14
Let j = -2040 + 2358. What is the remainder when j is divided by 4?
2
Suppose 0 = -80*h + 44*h + 252. Let p = 64 + -39. What is the remainder when p is divided by h?
4
Suppose 8*h + 4*d = 10*h - 44, 4*d - 36 = -2*h. What is the remainder when h is divided by 11?
9
Suppose -j - 3*j + w = -288, 0 = -j - 5*w + 72. What is the remainder when j is divided by 25?
22
Let t(o) = -13*o + 26. Let a be t(6). Calculate the remainder when a/(-8)*(2 + 1 - 1) is divided by 3.
1
Let l = -132 + 144. Calculate the remainder when 41 is divided by l.
5
Suppose -3*l + 5*s + 106 - 15 = 0, -3*l + 3*s + 99 = 0. Calculate the remainder when 79 is divided by l.
5
Suppose -4*y + 1464 = -5*b, -5*y - 4*b - b + 1830 = 0. What is the remainder when y is divided by 16?
14
Suppose 4*s + 6 = h, 6*h - 36 = 3*h + 3*s. Calculate the remainder when h is divided by (-1)/(-4) - (-186)/24.
6
Suppose 935*g - 923*g - 3048 = 0. What is the remainder when 264 is divided by g?
10
Let h be 1 + 1 + -4 + 204. Let a(g) = -g**3 - 9*g**2 + g + 12. What is the remainder when h/22 + 16/(-88) is divided by a(-9)?
0
Let r(n) = -16*n - 32. What is the remainder when 132 is divided by r(-4)?
4
Let h = -2685 + 2701. Calculate the remainder when h is divided by 1*(9 + (-1)/(-1)).
6
Let o(f) = 2*f + 4. Let l be o(-2). Suppose -3 = -w + 3*j + 6, l = w - 4*j - 6. Let d = 145 + -74. Calculate the remainder when d is divided by w.
17
Let x = -2581 + 2618. What is the remainder when 174 is divided by x?
26
Let g(a) = a**2 + 4*a + 13. Let h be g(-9). What is the remainder when 230 is divided